- 9*f - 1. Let u(x) = -2*n(x) - 3*o(x). Is u(-2) a prime number?
False
Let m(x) be the second derivative of x**4/12 - 13*x**3/6 + 8*x**2 + 11*x. Let i be m(12). Suppose 3*b + b - a = 337, -5*b = i*a - 437. Is b a composite number?
True
Let q be -2*(-1)/((-4)/(-4026)). Suppose 0 = -t + 4*t - q. Is t composite?
True
Let w(i) = 7*i - 5*i + 5 - i**3 - 4*i**2 - 5*i**3. Is w(-4) composite?
False
Let f(u) = u**2 + 5*u + 9. Let i be 0 - ((-8)/(-1))/(-4). Suppose i = -4*k - 26. Is f(k) a composite number?
False
Suppose 3*u - 2 + 6 = -2*w, 0 = 5*w + 10. Suppose u = -c - 3 + 1. Is 14*(3/c)/(-1) a composite number?
True
Suppose 39630 - 12215 = 5*s - 4*t, -4*s + 21932 = -t. Is s composite?
False
Is 6/15 - 102715/(-25) prime?
False
Suppose u - 3*c - 18 = 0, 5*u = -6*c + 3*c. Suppose u*n + 6*m = 4*m - 2, -3*n - 5*m - 5 = 0. Suppose n = 3*v - 152 - 157. Is v prime?
True
Is 76333/2 - (-140)/280 a prime number?
True
Let q(g) = g**2 - 53*g + 89. Is q(-48) prime?
True
Let t = 20 + -14. Suppose t = 5*l - 9, -2*c + 4*l = 2044. Is (c/(-16))/((-1)/(-2)) a prime number?
True
Let i(p) be the first derivative of 0*p**2 + 2/3*p**3 + 5/2*p**4 + p - 5. Is i(2) prime?
True
Let o be ((-3)/2)/((-3)/6). Suppose 2054 = -o*k + 5*k. Is k composite?
True
Suppose 5*k - 39 = 2*k + 3*o, -58 = -5*k - 2*o. Is (-118)/(-4)*(k - 10) a prime number?
True
Let d = -67 - -2480. Is d a composite number?
True
Let k(q) = -1828*q + 3. Is k(-2) prime?
True
Let o(f) = 636*f**2 - 1. Let y be (64/112)/((-4)/(-14)). Suppose -y = 2*w - 4. Is o(w) a composite number?
True
Let j(v) = -v**3 - 2*v**2 + 2*v. Let y be j(-3). Let t(u) = -u**3 - 4*u + 0*u**2 + 0*u - 10 + y*u - 5*u**2. Is t(-7) a prime number?
False
Let c(z) = z**2 - 8*z + 7. Let t be -1 - ((0 - 5) + 1). Let l be c(t). Is 655/20 + (-2)/l composite?
True
Suppose 0 = g + 3*u - 182, 5*u + 243 + 747 = 5*g. Suppose -6*r + g = -442. Is r prime?
False
Let f(w) = 5*w**2 - 5*w - 2. Let s be f(3). Is s*8 - 18/(18/3) a composite number?
True
Let k(t) = -4*t**2 + 43*t - 119. Let c be k(12). Let v(o) = -442*o. Let j be v(-1). Let z = j + c. Is z a composite number?
False
Let y = 1189 - 852. Is y a composite number?
False
Let c(k) = k**3 - 46*k**2 - 315*k - 131. Is c(71) composite?
False
Let p be ((-5835)/(-9))/((-3)/(-36)). Is p/6*(-36)/(-24) a prime number?
False
Suppose -21*k = -34*k + 142207. Is k a composite number?
False
Suppose f + u + 5532 = 21570, 0 = -2*f - 3*u + 32081. Is f a prime number?
True
Suppose -398*q - 1388486 = -420*q. Is q composite?
False
Suppose -4*k + 148 + 88 = 0. Let v = 208 - k. Is v composite?
False
Suppose 0 = -2*h - 3*h + 215. Let g = h + -25. Is (-6)/(-4) - (-1611)/g prime?
False
Let o be 14/35 + 3412/(-5). Let w = o + 446. Let m = -121 - w. Is m prime?
False
Suppose 3*d = 6*d - 9. Let q = -1 + d. Suppose -65 - 93 = -q*z. Is z prime?
True
Let a(r) = 2660*r**2 - 11*r + 38. Is a(3) a composite number?
True
Let l(y) = y**3 - 2*y**2 - 7*y + 15. Let z be l(12). Let w = z + -112. Is w composite?
False
Let i(f) = 2*f - 1. Let t be i(5). Let u(l) = -l**3 + 11*l**2 + 14*l + 5. Is u(t) a prime number?
True
Let r(p) = -2*p**2 + 22*p + 2. Let k be r(9). Suppose 5*q = 16 + 14. Suppose q*n + k = 8*n. Is n prime?
True
Let h(w) = 2*w**3 - w**2 - 4*w + 5. Let p be h(2). Suppose 166 - 1093 = -p*o. Is o a prime number?
True
Let l = -19 - -17. Let m be (-19 - -15)*2/l. Suppose 5*x = -m*a + 2995, 2*a = -3*x + 3*a + 1797. Is x a prime number?
True
Suppose 0 = 4*m - 5*f - 3789, -20*m + f - 1877 = -22*m. Is m a composite number?
False
Is (16 + -15)/((-1)/(-14502 + -1)) a prime number?
True
Suppose 2*r - 35123 = 5*a - 1665, -5*r + 4*a + 83645 = 0. Is r prime?
True
Let y = -14 + 21. Let r(s) = -s - 5. Let n be r(-7). Suppose -y*h = -n*h - 65. Is h a composite number?
False
Suppose 4*k - 3*c = 6*k - 9, 4*k + 15 = 5*c. Suppose -3*b + 6 + 9 = k, -y + 107 = 2*b. Is y composite?
False
Let r(o) = 13*o**2 + 13. Suppose -18 = w - 12. Is r(w) a composite number?
True
Let j(c) = 638*c - 95. Is j(18) prime?
False
Suppose 6 = -r - 22. Let o = r + 409. Is o prime?
False
Let n be (8348/(-6))/((-1)/(-3)). Let r be (-318)/7 + 5 + (-192)/42. Is 6/r - n/30 a prime number?
True
Suppose 21*z + 25 = 26*z, 5*u - 13585 = 5*z. Is u a prime number?
False
Let n = -3 + 4. Suppose -x + 706 = n. Suppose 3*l - 3*g - 2*g = x, 0 = 4*g. Is l prime?
False
Let k be (1 - (-6 - 3))/2. Suppose k*f - 964 = -129. Is f prime?
True
Suppose -22*l - 4*l + 83330 = 0. Is l a prime number?
False
Suppose 6*w - w = 10. Suppose -1056 = -3*n + 3*c, -c - w*c = 6. Suppose -294 - n = -4*k. Is k a prime number?
False
Let q(x) = x**3 + 6*x**2 + 3*x - 3. Let a be q(-4). Let l(y) = y**3 - 10*y**2 - 21*y + 10. Let v be l(a). Is v/(-2)*8/(-16) a composite number?
False
Suppose 6*m - 17289 = -45*m. Is m a composite number?
True
Let h = 3 - 6. Is 2*(-5 - -2211)/(1 - h) a composite number?
False
Let l(b) = -8 - 17*b + 51*b - 24*b. Is l(3) prime?
False
Suppose 0 = 3*h + 8 - 5. Let m(v) = 35*v**2 + 3*v + 2. Is m(h) composite?
True
Let z(u) = 770*u**2 - 6*u - 1. Let p(n) = -513*n**2 + 4*n + 1. Let d(a) = 7*p(a) + 5*z(a). Let g be (2/(-3))/(4/(-6)). Is d(g) composite?
True
Let x(q) = -11*q + 30. Let y be x(6). Let a = 163 + y. Is a a prime number?
True
Let v = 7578 + -5114. Is -9 - -4 - v/(-7) composite?
False
Let q = 3 + -6. Let r be -92*(q - (0 - 1)). Suppose -4*l - r = -5*x - 5*l, -2*l - 39 = -x. Is x a prime number?
True
Suppose -4*q + 3*o + 4615 = q, 0 = 3*q + 3*o - 2793. Suppose 0 = -4*d + 2866 - q. Is d composite?
True
Let h(o) = o**3 + 4*o**2 + 5*o + 3. Let s be h(-4). Let y(j) = j**3 + 18*j**2 - 2*j + 6. Is y(s) a prime number?
False
Suppose -4*k + 5*v + 22 = 0, -5*v + v = 2*k - 24. Let r = k + -8. Suppose r*g - g = -293. Is g a composite number?
False
Let z = -20 + 20. Suppose 5*v - 32 = -u, z = -5*v + 4*u - u + 24. Suppose 0 = -2*g - v + 172. Is g prime?
True
Let q = 156 + 99. Suppose 5*k + q = n - 232, 4*k = -4*n + 1828. Let w = n - 211. Is w a prime number?
True
Let b(h) = -294*h - 1. Let l(s) = -1470*s - 6. Let z(j) = -11*b(j) + 2*l(j). Is z(10) prime?
True
Suppose 4*m + 5*s - 86730 = 0, m + 3*m - s - 86742 = 0. Is m composite?
True
Suppose -5*t + 803 - 4383 = -4*c, -4*c + 4*t + 3580 = 0. Suppose c = -2*a + 7*a. Is a a composite number?
False
Suppose -4*r - 2*y = y + 21, 0 = 2*r - y + 13. Let d = 9 + r. Suppose 3*o = -5*l + 426, 0 = 5*l - 4*l + d*o - 78. Is l composite?
True
Let k = 17048 - 7995. Is k a composite number?
True
Suppose -32*g + 47564 = 12*g. Is g prime?
False
Suppose 29*a - 15*a = 70. Is -3 + (a - 8755/(-5)) a prime number?
True
Is 2*(9 - (-44310)/12) a composite number?
True
Suppose 0 = 5*d - 5*c + c - 2108, 0 = -5*d + 2*c + 2104. Let l = d + -281. Is l composite?
False
Suppose 33*b - 2 = 35*b. Is b/(8284/2762 + -3) prime?
True
Suppose -3*v - 10 - 8 = 0. Let n(t) = -t**2 - 6*t - 6. Let w be n(v). Is (10/w)/((-5)/195) prime?
False
Let h be 54/4*20/6. Suppose p + h = 4*p. Is 2*19*p/6 a composite number?
True
Suppose -247210 = -99*b + 4790999. Is b composite?
False
Suppose 4*v - 3*v = 914. Suppose -3*f - v + 6550 = 5*n, -n - f = -1128. Is n a prime number?
False
Let v(t) = -6*t**3 - 6*t**2 + 7*t. Let g be v(-6). Let f = g - 581. Is f a prime number?
True
Let n(g) = 9*g**3 + 5*g**2 + 2*g - 1. Let y(h) = h**2 - 1. Let c(z) = -n(z) + 4*y(z). Is c(-2) a composite number?
True
Suppose 4*j - 2*d = 2*j + 10686, 3*d = 12. Is j a prime number?
True
Suppose -42*f + 21740 = -38*f. Is f composite?
True
Suppose -33*r = -17*r - 166832. Is r prime?
True
Suppose -2*h - 4 - 14 = 0. Let o be (-16)/(-9) + (-2)/h. Suppose -y = -o*y + 141. Is y a prime number?
False
Is (-1997)/1*(-8)/(-16)*-14 prime?
False
Let x(v) = -1622*v + 191. Is x(-6) composite?
False
Let m = -187 + 129. Let o = -100 - m. Is (16/12)/((-4)/o) a composite number?
True
Let f(a) = 14*a - 1. Let i be (6/(-7))/(18/(-84)). Is f(i) prime?
False
Let p be (8/4 + -2)*-1. Suppose -3*d = r + 3, 4*r + 12 = -4*d - p*r. Suppose -3*z + 3*v + 1152 = d, -3*z + 2*z - 3*v = -380. Is z composite?
False
Let y be (14/4)/((-3)/(-18)). Suppose 4*a - 3 - 5 = 0. Is ((-148)/(-6))/(a/y) a prime number?
False
Let u be (-77)/(-14) - 3/2. Is 776/(-4)*u/(-8) prime?
True
Let k(v) = -v**2 + 8*v - 4. Let o be k(7). Let m = -2 + o. Is 186/2 - m - -3 prime?
False
Suppose s 